 digit of v(14)?
1
Let w = 4 + -4. Suppose a + w*l + 9 = 3*l, 2*l = -a + 6. Let v = 24 - a. What is the tens digit of v?
2
Let u(b) = -9*b**3 - 1 + 13*b**3 + b**3 + 2*b**2. Let r = -2 - -3. What is the units digit of u(r)?
6
What is the hundreds digit of (2*-5)/(24/(-3864))?
6
Let s = -160 + 69. Let m = s - -120. What is the units digit of m?
9
Let o(i) = 45*i**2 + 12*i + 89. What is the tens digit of o(-6)?
3
Let b(n) = -6*n**3 - 15*n**2 + 9. What is the hundreds digit of b(-7)?
3
Let w(l) = 2*l**3 + 4*l**2 - 5*l + 4. Let b be w(2). Let z = 48 + b. What is the units digit of z?
4
Suppose 6*a = 3*a + 2457. Suppose -30*w + a = -9*w. What is the tens digit of w?
3
Let v = -16 - -2. What is the tens digit of (-932)/v + (-15)/(-35)?
6
Let n be (100/1)/(1/(-2)). Let i = -282 - n. Let v = -58 - i. What is the units digit of v?
4
Let s(j) = j**2 + 7*j - 83. What is the hundreds digit of s(-23)?
2
Let o = 271 + -80. Let q be 5/(-4) + (-5330)/(-40). Let h = o - q. What is the units digit of h?
9
What is the units digit of 26/(-5)*(-49680)/288?
7
Let f(d) = -d**2 - 24*d - 21. Let w = -60 + 43. What is the tens digit of f(w)?
9
Suppose 0 = -5*b + 3*i + 3, i + 2*i = 12. Suppose 0 = b*a - a + 36. What is the units digit of a/(-45) - 33/(-5)?
7
Suppose 2*f + 2424 = 26*f. What is the units digit of f?
1
Let m = -33 + 35. Suppose 12 = p - m*p + 5*v, -5*p = -2*v - 9. Suppose 2*q = 3*w + 75, -p*q - 2*w + 141 = 3*w. What is the tens digit of q?
4
Let h(q) = -924*q**3 + q. What is the units digit of h(-1)?
3
Let h be ((-6)/15)/(1/(-55)). Let t = 91 - h. What is the units digit of t?
9
Let z(q) = 10*q - 1. Let a be z(-6). Suppose j + 3*o + 47 = 0, 5*o = 3*j + 70 + 1. Let k = j - a. What is the tens digit of k?
2
Suppose -4*k + 6*k = s + 665, 647 = 2*k + 5*s. What is the tens digit of k?
3
Suppose -v - 6 = -4*v. Let t(p) = -3 - 5*p - 4 + p**v + 2 + 3. What is the units digit of t(6)?
4
Suppose 0 = -4*z - d + 809, -2*z - 3*d + 135 + 282 = 0. What is the tens digit of z?
0
Suppose -6*s = -10*s + 16. Suppose 145 = 5*l - 4*a - 215, -s*l = -3*a - 289. What is the tens digit of l?
7
Let i = -43 + 45. Let n(k) = 2*k**3 - 2*k**2 - 3*k + 2. Let z be n(2). Suppose z*d + 18 = i*l + 2*d, 4*d + 6 = l. What is the units digit of l?
0
Suppose -247 = -5*d - 4*p, 3*p - 96 = -2*d - 0*p. What is the tens digit of d?
5
Let f be -115*(-1 - (3 - 3)). Suppose -40 + 118 = -v. Let p = f + v. What is the units digit of p?
7
Let g = 938 - 927. What is the tens digit of g?
1
What is the units digit of (-169148)/(-1225) - (-2)/(-25)?
8
Let p(u) = -26*u + 2. What is the hundreds digit of p(-15)?
3
Suppose -2*w - 2*w = -12. Let m be w - (-3 + (4 - 50)). Suppose 0 = 3*c + c - m. What is the units digit of c?
3
Let b(f) = 232*f + 67. What is the hundreds digit of b(4)?
9
Let t(c) = -2*c - 7. Let s be t(-5). What is the tens digit of 82/s*6/4?
4
Let i(f) = 3*f + 118. What is the hundreds digit of i(37)?
2
Let y(j) = j + 1. Let t be y(0). Suppose r - t = 11. What is the units digit of r/20 + 332/5?
7
Let b be (-1)/(-2) - 63/14. Let q = 99 - b. What is the units digit of q?
3
Let i = 29 + 60. Suppose -4*b + 87 = -i. What is the units digit of b?
4
Let m(w) = w - 1. Let t(c) = -c + 2. Let q(z) = 4*m(z) + 3*t(z). Let f be q(0). Suppose f*l - 63 = -l. What is the units digit of l?
1
Let y be -15 - 1*(-2 + 3). Let j be 12/(-3 - y/6). What is the tens digit of (12/18)/((-2)/j)?
1
Let u = 13 - 31. What is the tens digit of 8/(-6)*594/u?
4
Suppose -417*x - 70 = -427*x. Suppose -2*c + 8 = 4, 5*t - 4*c = 257. Suppose s - t = x. What is the tens digit of s?
6
Suppose -1449 = 47*b - 50*b. What is the units digit of b?
3
Let c(d) = -d + 5. Let q be c(3). Suppose -472 = 4*t - 1792. Suppose -7*k = -q*k - t. What is the tens digit of k?
6
Suppose 0 = -0*r - 2*r. Suppose r + 2 = -h. What is the units digit of ((-91)/(-26))/(h/(-4))?
7
Suppose -13*k = -11*k - 622. What is the hundreds digit of k?
3
Suppose 2*w + 5 = -4*j - 3*w, 5*j + 3*w + 3 = 0. Suppose 5*y = -5, -2*u + j*u + 5*y - 9 = 0. Let s(p) = -p**2 - 10*p - 10. What is the units digit of s(u)?
1
Suppose -5 = -h - 5*g, 2*h + 0*g + 4*g - 4 = 0. Suppose h = 5*s + 3*a - 466, -5*s - 3*a + 468 = a. What is the tens digit of s?
9
Suppose 0 = 107*o - 105*o - 2558. What is the hundreds digit of o?
2
Let n = -60 + 172. Suppose -16*x = -15*x - n. What is the hundreds digit of x?
1
Let d be -5*(-2 - (-66)/15). Let p = -52 - d. What is the tens digit of p/3*(-60)/50?
1
Let n = 278 - 150. What is the units digit of n?
8
What is the thousands digit of (18084/42)/(9/63) - -7?
3
Let k = 4498 - 2852. What is the thousands digit of k?
1
Suppose -4*h + 7*g + 9254 = 8*g, 2*h - 6*g - 4614 = 0. What is the hundreds digit of h?
3
Let z = 1271 - 823. What is the hundreds digit of z?
4
Suppose -7*h - 21 + 91 = 0. Let b be -2 + 1 + 0/(-6). What is the tens digit of (96/(-15))/(b/h)?
6
Let r(x) = -x**3 + 6*x**2 + 7. Let c be r(5). Suppose -i + 7 = -2*o - 10, 2*i = 3*o + c. Let t = i + 31. What is the tens digit of t?
4
Suppose 6*t + 859 - 14809 = 0. What is the thousands digit of t?
2
Suppose 7*a - 4*a - 30 = 0. What is the hundreds digit of 1*-92*a/(-8)?
1
Suppose -2*u = -6*j + 2*j + 1528, 1152 = 3*j - 3*u. Let z = j + -259. What is the tens digit of z?
2
Let p(b) = b**2 - 19*b + 11. Let y(d) = 6*d**2 - 95*d + 55. Let h(w) = -11*p(w) + 2*y(w). What is the hundreds digit of h(-25)?
1
Let q = -3 + 4. Suppose 3*v = q + 11. Suppose -76 = -5*o - 4*a + 4, 48 = 3*o + v*a. What is the units digit of o?
6
Suppose -5*p + 353 + 53 = 2*q, 0 = 4*q + 5*p - 812. What is the units digit of q?
3
Let y(g) = 16*g + 2. Let w be y(2). Let s = -21 + 4. Let a = s + w. What is the units digit of a?
7
Suppose -7*p = -9*p + 130. What is the units digit of p?
5
Let w = 1990 + -1278. What is the units digit of w?
2
Let h = -4 - -6. Let l = h + 0. Suppose l*q = 4 + 4. What is the units digit of q?
4
Suppose 0 = 2*p - 543 + 3. What is the units digit of p?
0
Let r(h) = 8*h + 37. Let f(i) = -15*i - 75. Let p(q) = 6*f(q) + 13*r(q). What is the units digit of p(9)?
7
Let l(p) = p**3 + 8*p**2 - 9*p - 12. Let b(u) = u**3 + u**2 - 5*u - 4. Let o be b(-3). What is the hundreds digit of l(o)?
1
Let f be 4*(105/20)/7. Suppose 0 = -f*s + 3*k + 234, -82 = -s - 4*k - 29. What is the tens digit of s?
7
Let j = 2166 + -309. What is the tens digit of j?
5
Let q(l) = -7*l**2 - 4*l + l**3 - 2*l + 0 + 7 + 0*l**3. Let v be 44/6 - 4/(-6). What is the tens digit of q(v)?
2
Let z be -1 - 5/5 - -148. Let p = 11 + z. What is the hundreds digit of p?
1
Let s = 276 + -168. What is the tens digit of s?
0
What is the tens digit of 8/(-8) - 5 - 28*-15?
1
Let b = 38 + -23. Let d = 71 - b. What is the tens digit of d?
5
Suppose 19158 = 23*b - 31925. What is the thousands digit of b?
2
Suppose 14*n + 5*l = 19*n - 6520, -13024 = -10*n + 2*l. What is the thousands digit of n?
1
Let s(v) = v**3 - 12*v**2 - 16*v - 13. Let y(o) = o**3 + 5*o**2 - 9*o - 5. Let d be y(-6). Let m be s(d). Let h = m - -87. What is the tens digit of h?
3
Suppose 29190 = 8*r + 13*r. What is the thousands digit of r?
1
Suppose -5*l - 26 = 2*o, -2*l - 14 = 4*o + 6. What is the tens digit of -15*(-3 + 1/o)?
5
What is the units digit of (-22655)/(-69) - -1*6/9?
9
Let x(w) = -2*w + 8. Let t be x(4). Let a be -4 + 3 - (-1 - t). Suppose -4*j + 5*c = -234, -5*j + 8*c - 3*c + 290 = a. What is the units digit of j?
6
Let d(l) = 2*l**2 - 79*l + 179. What is the hundreds digit of d(53)?
6
Let u be (-3 + 4 - 4) + 231. Suppose -3*v - p + 185 = 0, 5*p + 35 = -3*v + u. What is the tens digit of v?
6
What is the units digit of (-20102)/(-133) + (1/(-7))/1?
1
Suppose 8 + 19 = 3*v. Suppose v = i - 5. What is the tens digit of 23 - 1 - i/7?
2
Suppose -z - 2 = 0, 32*c - 31*c - 4*z = 2380. What is the tens digit of c?
7
Suppose 25*x - 36718 = 14*x. What is the units digit of x?
8
Let j be (2/6)/((-12)/(-72)). What is the units digit of 188/20 + 36/(-15) + j?
9
Suppose 8*h = -z + 4*h + 38, 0 = 3*z - 5*h - 199. What is the units digit of z?
8
Suppose -p + 2*p = 5*u, 0 = -2*p - 10. Let j = u + -5. Let h = j + 13. What is the units digit of h?
7
Suppose 0*k = 2*n - 3*k - 9, n - 3*k - 6 = 0. What is the tens digit of (-2 - (n - 71) - 3) + 1?
6
Let a be (-12)/(-48) + 11/4. Suppose a*j - 185 = 133.